vative of -y**4/2 + 2*y**3/3 - 20*y**2. Let j be w(-8). Calculate the greatest common divisor of 10 and j.
10
Let t(x) = 4*x**3 + 5*x**2 - 6*x - 3. Let h be t(3). What is the greatest common divisor of h and 726?
66
Suppose 20 = 6*r - 16. Suppose -9 = -z - 0*z. What is the greatest common divisor of z and r?
3
Let l be 89 - 3 - -2*2. Suppose -t + l = t. What is the greatest common divisor of 5 and t?
5
Suppose 0 = 4*q - 6*q + 220. Let a(s) = -56*s**3 + 4*s**2 + 2*s + 10. Let p be a(0). Calculate the greatest common factor of p and q.
10
Let z be (1 - 104/(-1)) + (1 - 1). Suppose 3*q - 3*k = 4*q - z, 2*k - 106 = -q. What is the greatest common divisor of 12 and q?
12
Suppose 3*u - 5*n = 50, -u + 3*n + 12 = -n. Let i = u + 8. Let p be -2 + (-216)/(-6) - 6. Calculate the highest common divisor of i and p.
28
Suppose 0*g - 2*g = 0. Suppose 2 + g = -u - 3*f, 18 = 3*u + 3*f. Let y be u - 6 - -22*2. Calculate the greatest common factor of 32 and y.
16
Suppose -5*d - 69 - 36 = 0. Let b = 45 + d. Suppose c - b = -3*c. Calculate the highest common divisor of c and 48.
6
Let n(a) = -55*a - 860. Let f be n(-32). What is the greatest common divisor of f and 24?
12
Let t = -4 - -7. Suppose -i + t*i - 2 = 0. Let s be (-9)/i*30/(-9). What is the greatest common divisor of s and 20?
10
Let v = -90 + 155. Suppose 12*x + 7*x = 0. Suppose x = -28*f + 33*f - 130. What is the greatest common divisor of f and v?
13
Suppose 2*i - 56 = -6*a + a, 41 = 5*a - 3*i. Let y be 125/15*(2 - -4). What is the greatest common factor of y and a?
10
Let p = -111 - -151. Suppose z = -2*z + 48. What is the highest common factor of p and z?
8
Let a be 158/(-1185) - (-2 - 1457/15). What is the greatest common divisor of a and 759?
33
Suppose -4*l - 86 = -6. Let m be 0 - (l - (0 + 4)). Calculate the highest common divisor of 3 and m.
3
Suppose -2 = -d + 21. Let j be 34138/494 - (-4)/(-38). What is the greatest common factor of d and j?
23
Let g be 1 - 3*(-3)/(-9). Suppose -4*q + 205 = 3*f, g = -6*f + 2*f - q + 256. What is the highest common factor of 42 and f?
21
Let s(c) = c**3 - 5*c**2 - 7*c - 18. Let r be s(7). Suppose -3*h + r = -8. What is the highest common factor of 221 and h?
13
Suppose -329 = -2*j + 3*z + 240, 3*j = -5*z + 825. What is the highest common divisor of 40 and j?
40
Let d = -323 + 483. Calculate the greatest common factor of 10 and d.
10
Let s = -9 + 11. Let z be (1 - 0)/(s/210). Calculate the highest common factor of z and 42.
21
Let d be (5 - 2) + (1 - 6). Let c be -2 - 1/(1/d). Suppose -2*v = 2*g - 14, c*v - 5*g = -2*v + 21. Calculate the greatest common divisor of v and 1.
1
Let d = -140 + 242. Suppose 0 = 1181*w - 1197*w + 544. Calculate the highest common divisor of d and w.
34
Suppose -547 + 1051 = 3*f. What is the highest common factor of 8 and f?
8
Let t(l) be the third derivative of 5*l**4/12 + 2*l**3/3 + 5*l**2. Let f be t(2). What is the highest common factor of 24 and f?
24
Let t be 144/10 - 2/5. Let a(w) = w**2 + w + 3. Let g be a(0). Suppose 4 = -v + 2*n + 2, -g*n + 4 = -v. Calculate the highest common divisor of t and v.
2
Suppose -271*s + 255*s + 2992 = 0. Calculate the greatest common factor of 11 and s.
11
Let x = -95 + 279. Calculate the highest common factor of x and 46.
46
Let v(x) = -x + 62. Let m be v(-22). What is the highest common divisor of 108 and m?
12
Let k be (4/6)/((-435)/(-63) - 7). Let b(r) = -10*r - 7. Let w be b(k). What is the highest common factor of w and 9?
9
Suppose 5*k + 6*z - 4*z - 5714 = 0, 4*z - 1132 = -k. Calculate the highest common factor of 44 and k.
44
Let s be (-7)/((-7)/468) - (-40)/(-10). Calculate the greatest common factor of s and 16.
16
Let p(f) = -f**3 + 18*f**2 - 19*f - 204. Let g be p(16). Let r be 200/14 - (-2)/(-7). Let z = r + -8. Calculate the greatest common divisor of z and g.
2
Suppose -j = 2, -2*g - 2*j = -16 - 28. Let u = -9 - -12. What is the highest common divisor of u and g?
3
Let i(k) be the first derivative of -5*k**2/2 - 4*k + 6. Let q be i(-4). What is the greatest common factor of 24 and q?
8
Suppose a - 466 = -17*z + 20*z, z = -2. Calculate the highest common factor of a and 60.
20
Suppose 5*b - 72 = -b. Suppose 0 = 2*f - b - 98. Let g = 85 - f. Calculate the highest common divisor of g and 120.
30
Suppose -3*t - 293 = -4*f, -2*f - 4*t + 374 = 3*f. Suppose 5*u - 2*u - 333 = 2*p, -4*p = 0. What is the greatest common factor of f and u?
37
Let i = -176 + 189. Suppose 4*h + 25 = 5*h + 5*z, -5 = -5*z. Let x = h - i. What is the greatest common factor of x and 7?
7
Suppose -15*m - 83 = -98. What is the highest common divisor of 25 and m?
1
Suppose -2*h - 109*h + 14*h + 1358 = 0. Suppose 3*k = -4*x + 62, -6*k + 4*x = -k - 50. Calculate the greatest common factor of h and k.
14
Let i(s) = 5*s**2 - 10*s + 4. Let z be i(3). Suppose 0*v + 57 = v. Calculate the greatest common factor of z and v.
19
Let j be 120/(-900) + 182/15. Calculate the highest common factor of 52 and j.
4
Let l = 191 + -73. Let a = -47 + l. Let p = -36 + a. Calculate the greatest common factor of p and 5.
5
Let v = -485 + 632. What is the greatest common factor of 84 and v?
21
Let a(j) = j**2 + 4*j - 5. Let t be a(-8). Let f = 483 + -429. Calculate the highest common factor of f and t.
27
Suppose 3*f - 3416 - 364 = 0. Calculate the greatest common factor of f and 126.
126
Suppose -3*b - 27 = -153. Let c(v) = 5*v. Let i be c(-1). Let t be 7*(-3)/i*25. What is the highest common factor of t and b?
21
Let d = 106 - 78. Calculate the highest common factor of 308 and d.
28
Let z be (20 - 0)*(3 + 0 - 4). Suppose k = -3*k + 24. Let y be (-15)/k*32/z. Calculate the greatest common divisor of 4 and y.
4
Suppose 3*l = -p - 2*l + 30, -4*p + 2*l = -76. Calculate the highest common divisor of p and 460.
20
Let d be -6*(-3)/(9/2). Let w be 2/12 + (-878)/12. Let x = w + 79. Calculate the highest common divisor of x and d.
2
Let l = -239 - -240. Suppose 0 = -5*s + 2 + 13. Suppose c = s*g + l, g + 35 - 9 = 4*c. Calculate the greatest common factor of 1 and c.
1
Let b(h) = 18*h + 80. Let r be b(-4). What is the highest common divisor of r and 56?
8
Let q = 6 - -18. Let t = q - 0. Suppose t*k = 23*k + 80. Calculate the highest common factor of k and 32.
16
Let m = 39 - 37. Suppose -a - m*f - 9 = -2*a, -2*a = 3*f - 4. Calculate the greatest common divisor of a and 1.
1
Let r(b) = -9*b + 1. Let a be r(-1). Suppose 2*v - 22 + a = 0. Let w(s) = s**2 - 2*s. Let p be w(v). Calculate the highest common divisor of p and 60.
12
Suppose 6*t - 12 = 3*t + 3*z, 2*t + 5*z - 43 = 0. Suppose 0 = 12*b + 4807 - 5023. What is the highest common factor of t and b?
9
Suppose -3*o = -0*o - 3. Suppose -4*t - 10 + 30 = 0. Suppose -4*b + 7 = -t. What is the highest common divisor of o and b?
1
Suppose v - 245 = -3*d, -2*d + 7*d - 397 = 4*v. Suppose -5*i - d + 306 = 3*z, i - 27 = 3*z. Calculate the highest common divisor of 84 and i.
42
Let h(l) = 21*l**2 + l - 2. Let x be h(-2). Suppose -2*r = 2*r - x. Suppose u = 3*u, -u = -4*n + 640. What is the greatest common divisor of r and n?
20
Let r = 30 + -17. Suppose -70*w = -68*w + g - 103, w - g - 53 = 0. What is the highest common divisor of r and w?
13
Suppose 77 = 4*u - 39. Suppose -u - 70 = -9*x. Calculate the greatest common divisor of 33 and x.
11
Let u(x) = 2*x + 47. Let i be u(-26). Let c be 12/(-10)*(-2)/((-2)/i). What is the highest common factor of c and 54?
6
Suppose -1305 = -12*z + 1203. What is the highest common divisor of 19 and z?
19
Let i(k) = k**2 + 36*k - 15. Let a be i(-45). Calculate the highest common divisor of a and 78.
78
Let m = -10403 - -10531. Let o(p) = 5*p**2 + 2*p. Let u be o(-2). What is the greatest common divisor of u and m?
16
Let o(u) = -u**2 - 4*u + 5. Let n be o(-6). Let f(x) = x**3 + 8*x**2 + 5*x - 9. Let i be f(n). Let p = 17 - i. Calculate the highest common factor of p and 12.
12
Suppose -4*n = -82 - 6. Suppose -44 - n = -f. What is the greatest common divisor of 6 and f?
6
Suppose -t = t - 30. Suppose 0 = -2*w + 43 - 33. Suppose 3*p - w*s = t, s - 10 = -2*p + 4*s. Calculate the highest common factor of 40 and p.
5
Let o(g) = -5*g**3 - g**2 + 22*g. Let z be o(-4). Calculate the greatest common factor of z and 16.
8
Suppose -3*x + 28 = j - 55, -x = 5*j - 51. Suppose -2*f + x =